{"id":1352,"date":"2024-01-17T23:16:59","date_gmt":"2024-01-17T23:16:59","guid":{"rendered":"https:\/\/www.qnv2030.com\/?page_id=1352"},"modified":"2024-01-17T23:30:39","modified_gmt":"2024-01-17T23:30:39","slug":"nosotros","status":"publish","type":"page","link":"https:\/\/www.qnv2030.com\/index.php\/nosotros\/","title":{"rendered":"NOSOTROS"},"content":{"rendered":"\n<div class=\"wp-block-uagb-container uagb-block-32c7d571 alignfull uagb-is-root-container\"><div class=\"uagb-container-inner-blocks-wrap\">\n<div class=\"wp-block-uagb-container uagb-block-62af68e8\">\n<p class=\"has-text-align-center has-medium-font-size\">Somos un grupo de especialistas cientificos comprometidos con el desarrollo de una investigaci\u00f3n y determinaci\u00f3n acerca de la invasi\u00f3n extraterrestre prevista para el a\u00f1o 2030. Nuestro deber es mantener informados de primera mano a todos nuestros seguidores y suscriptores sobre los datos que hemos conseguido hasta el momento y nueva informaci\u00f3n encontrada con nuestra investigaci\u00f3n. <\/p>\n\n\n\n<p class=\"has-text-align-center has-medium-font-size\">Nuestro trabajo se rige por los valores de compromiso, \u00e9tica y respeto hacia los ideales de cada persona. El objetivo de nuestra plataforma es tener un lugar en el cual podamos compartir todos nuestros avances y teor\u00edas sobre el tema ya expuesto. <\/p>\n<\/div>\n\n\n\n<div class=\"wp-block-uagb-container uagb-block-6216f3de\">\n<figure class=\"wp-block-image size-large\"><img loading=\"lazy\" decoding=\"async\" width=\"683\" height=\"1024\" src=\"https:\/\/www.qnv2030.com\/wp-content\/uploads\/2024\/01\/pexels-cottonbro-studio-8382293-683x1024.jpg\" alt=\"\" class=\"wp-image-1364\" srcset=\"https:\/\/www.qnv2030.com\/wp-content\/uploads\/2024\/01\/pexels-cottonbro-studio-8382293-683x1024.jpg 683w, https:\/\/www.qnv2030.com\/wp-content\/uploads\/2024\/01\/pexels-cottonbro-studio-8382293-200x300.jpg 200w, https:\/\/www.qnv2030.com\/wp-content\/uploads\/2024\/01\/pexels-cottonbro-studio-8382293-768x1152.jpg 768w, https:\/\/www.qnv2030.com\/wp-content\/uploads\/2024\/01\/pexels-cottonbro-studio-8382293-scaled.jpg 1707w\" sizes=\"auto, (max-width: 683px) 100vw, 683px\" \/><\/figure>\n<\/div>\n<\/div><\/div>\n","protected":false},"excerpt":{"rendered":"<p>Somos un grupo de especialistas cientificos comprometidos con el desarrollo de una investigaci\u00f3n y determinaci\u00f3n acerca de la invasi\u00f3n extraterrestre prevista para el a\u00f1o 2030. Nuestro deber es mantener informados de primera mano a todos nuestros seguidores y suscriptores sobre los datos que hemos conseguido hasta el momento y nueva informaci\u00f3n encontrada con nuestra investigaci\u00f3n. [&hellip;]<\/p>\n","protected":false},"author":1,"featured_media":0,"parent":0,"menu_order":0,"comment_status":"closed","ping_status":"closed","template":"","meta":{"_uag_custom_page_level_css":"","site-sidebar-layout":"default","site-content-layout":"","ast-site-content-layout":"default","site-content-style":"default","site-sidebar-style":"default","ast-global-header-display":"","ast-banner-title-visibility":"","ast-main-header-display":"","ast-hfb-above-header-display":"","ast-hfb-below-header-display":"","ast-hfb-mobile-header-display":"","site-post-title":"","ast-breadcrumbs-content":"","ast-featured-img":"","footer-sml-layout":"","ast-disable-related-posts":"","theme-transparent-header-meta":"","adv-header-id-meta":"","stick-header-meta":"","header-above-stick-meta":"","header-main-stick-meta":"","header-below-stick-meta":"","astra-migrate-meta-layouts":"set","ast-page-background-enabled":"default","ast-page-background-meta":{"desktop":{"background-color":"","background-image":"","background-repeat":"repeat","background-position":"center center","background-size":"auto","background-attachment":"scroll","background-type":"","background-media":"","overlay-type":"","overlay-color":"","overlay-opacity":"","overlay-gradient":""},"tablet":{"background-color":"","background-image":"","background-repeat":"repeat","background-position":"center center","background-size":"auto","background-attachment":"scroll","background-type":"","background-media":"","overlay-type":"","overlay-color":"","overlay-opacity":"","overlay-gradient":""},"mobile":{"background-color":"","background-image":"","background-repeat":"repeat","background-position":"center center","background-size":"auto","background-attachment":"scroll","background-type":"","background-media":"","overlay-type":"","overlay-color":"","overlay-opacity":"","overlay-gradient":""}},"ast-content-background-meta":{"desktop":{"background-color":"var(--ast-global-color-5)","background-image":"","background-repeat":"repeat","background-position":"center center","background-size":"auto","background-attachment":"scroll","background-type":"","background-media":"","overlay-type":"","overlay-color":"","overlay-opacity":"","overlay-gradient":""},"tablet":{"background-color":"var(--ast-global-color-5)","background-image":"","background-repeat":"repeat","background-position":"center center","background-size":"auto","background-attachment":"scroll","background-type":"","background-media":"","overlay-type":"","overlay-color":"","overlay-opacity":"","overlay-gradient":""},"mobile":{"background-color":"var(--ast-global-color-5)","background-image":"","background-repeat":"repeat","background-position":"center center","background-size":"auto","background-attachment":"scroll","background-type":"","background-media":"","overlay-type":"","overlay-color":"","overlay-opacity":"","overlay-gradient":""}},"footnotes":""},"class_list":["post-1352","page","type-page","status-publish","hentry"],"uagb_featured_image_src":{"full":false,"thumbnail":false,"medium":false,"medium_large":false,"large":false,"1536x1536":false,"2048x2048":false},"uagb_author_info":{"display_name":"admin","author_link":"https:\/\/www.qnv2030.com\/index.php\/author\/qnv2030-com\/"},"uagb_comment_info":0,"uagb_excerpt":"Somos un grupo de especialistas cientificos comprometidos con el desarrollo de una investigaci\u00f3n y determinaci\u00f3n acerca de la invasi\u00f3n extraterrestre prevista para el a\u00f1o 2030. Nuestro deber es mantener informados de primera mano a todos nuestros seguidores y suscriptores sobre los datos que hemos conseguido hasta el momento y nueva informaci\u00f3n encontrada con nuestra investigaci\u00f3n.&hellip;","_links":{"self":[{"href":"https:\/\/www.qnv2030.com\/index.php\/wp-json\/wp\/v2\/pages\/1352","targetHints":{"allow":["GET"]}}],"collection":[{"href":"https:\/\/www.qnv2030.com\/index.php\/wp-json\/wp\/v2\/pages"}],"about":[{"href":"https:\/\/www.qnv2030.com\/index.php\/wp-json\/wp\/v2\/types\/page"}],"author":[{"embeddable":true,"href":"https:\/\/www.qnv2030.com\/index.php\/wp-json\/wp\/v2\/users\/1"}],"replies":[{"embeddable":true,"href":"https:\/\/www.qnv2030.com\/index.php\/wp-json\/wp\/v2\/comments?post=1352"}],"version-history":[{"count":3,"href":"https:\/\/www.qnv2030.com\/index.php\/wp-json\/wp\/v2\/pages\/1352\/revisions"}],"predecessor-version":[{"id":1369,"href":"https:\/\/www.qnv2030.com\/index.php\/wp-json\/wp\/v2\/pages\/1352\/revisions\/1369"}],"wp:attachment":[{"href":"https:\/\/www.qnv2030.com\/index.php\/wp-json\/wp\/v2\/media?parent=1352"}],"curies":[{"name":"wp","href":"https:\/\/api.w.org\/{rel}","templated":true}]}}